{"id":33009,"date":"2025-09-24T15:25:13","date_gmt":"2025-09-24T20:25:13","guid":{"rendered":"https:\/\/radianceplasticsurgery.co\/hairestoration\/?page_id=33009"},"modified":"2026-02-18T10:41:53","modified_gmt":"2026-02-18T15:41:53","slug":"dr-edward-celinz","status":"publish","type":"page","link":"https:\/\/radianceplasticsurgery.co\/hairestoration\/dr-edward-celinz\/","title":{"rendered":"Dr. Edward Celinz"},"content":{"rendered":"\t\t<div data-elementor-type=\"wp-page\" data-elementor-id=\"33009\" class=\"elementor elementor-33009\">\n\t\t\t\t<div class=\"elementor-element elementor-element-2591425 e-flex e-con-boxed cmsmasters-block-default e-con e-parent\" data-id=\"2591425\" data-element_type=\"container\">\n\t\t\t\t\t<div class=\"e-con-inner\">\n\t\t<div class=\"elementor-element elementor-element-526a9de e-con-full e-flex cmsmasters-block-default e-con e-child\" data-id=\"526a9de\" data-element_type=\"container\">\n\t\t\t\t<div class=\"elementor-element elementor-element-284db3a elementor-widget__width-initial cmsmasters-block-default cmsmasters-sticky-default elementor-widget elementor-widget-heading\" data-id=\"284db3a\" data-element_type=\"widget\" data-widget_type=\"heading.default\">\n\t\t\t\t\t<h2 class=\"elementor-heading-title elementor-size-default\">Sobre m\u00ed<\/h2>\t\t\t\t<\/div>\n\t\t\t\t<div class=\"elementor-element elementor-element-ecab212 cmsmasters-block-default cmsmasters-sticky-default elementor-widget elementor-widget-text-editor\" data-id=\"ecab212\" data-element_type=\"widget\" data-widget_type=\"text-editor.default\">\n\t\t\t\t\t\t\t\t\t<p>Soy Edward Orlando Celinz Carre\u00f1o, m\u00e9dico cirujano con m\u00e1s de 9 a\u00f1os de experiencia en la medicina y m\u00e1s de 3 a\u00f1os dedicado exclusivamente al cuidado de patolog\u00edas del cabello y cuero cabelludo. Mi misi\u00f3n es ayudarte a recuperar no solo tu cabello, sino tambi\u00e9n tu confianza, seguridad y la manera en la que te ves y te sientes frente al mundo.<\/p><p>He acompa\u00f1ado a cientos de personas en este camino, con m\u00e1s de 300 trasplantes capilares exitosos que destacan por ser naturales y arm\u00f3nicos. Mi objetivo nunca es crear una \u201cperfecci\u00f3n\u201d artificial, sino lograr que cada paciente se vea mejor, renovado, con una apariencia m\u00e1s joven y saludable, siempre resaltando su propia esencia. Cada tratamiento est\u00e1 pensado con dedicaci\u00f3n y empat\u00eda, para que te sientas seguro y en las mejores manos.<\/p><p><em><strong>Formaci\u00f3n Acad\u00e9mica<\/strong><\/em><\/p><ul><li>M\u00e9dico y Cirujano \u2013 Universidad Industrial de Santander (UIS).<\/li><li>Especializaci\u00f3n en Gerencia en Salud \u2013 Fundaci\u00f3n Universitaria de Ciencias de la Salud (FUCS).<\/li><li>M\u00e1ster en Tricolog\u00eda y Microinjerto Capilar \u2013 Universidad UDIMA, Espa\u00f1a.<\/li><li>Diplomado en Dermatolog\u00eda Avanzada \u2013 Revive Entrenamiento M\u00e9dico Integral.<\/li><\/ul><p><em><strong>Idiomas<\/strong><\/em><\/p><ul><li>Espa\u00f1ol (nativo).<\/li><li>Ingl\u00e9s (nivel b\u00e1sico\u2013intermedio), con apoyo de int\u00e9rprete para pacientes internacionales.<\/li><\/ul><p><em><strong>Est\u00e1s en las mejores manos<\/strong><\/em><br \/>En la Cl\u00ednica HRI, cada detalle est\u00e1 pensado para ti: desde un diagn\u00f3stico preciso hasta la elecci\u00f3n del tratamiento m\u00e1s adecuado, ya sea un trasplante capilar o terapias avanzadas para la salud del cabello. No todos los pacientes necesitan cirug\u00eda, y por eso te ofrecemos un enfoque honesto, \u00e9tico y 100% personalizado.<br \/>Nuestro compromiso es brindarte siempre lo mejor: tecnolog\u00eda de vanguardia, protocolos m\u00e9dicos de alta calidad y un equipo humano altamente calificado que me acompa\u00f1a en este prop\u00f3sito. Aqu\u00ed encontrar\u00e1s un espacio seguro, profesional y cercano, donde tu transformaci\u00f3n ser\u00e1 cuidada de principio a fin.<\/p>\t\t\t\t\t\t\t\t<\/div>\n\t\t\t\t<\/div>\n\t\t<div class=\"elementor-element elementor-element-0acd4ce e-con-full e-flex cmsmasters-bg-hide-none cmsmasters-bg-hide-none cmsmasters-block-default e-con e-child\" data-id=\"0acd4ce\" data-element_type=\"container\" data-settings=\"{&quot;background_background&quot;:&quot;classic&quot;}\">\n\t\t\t\t<\/div>\n\t\t\t\t\t<\/div>\n\t\t\t\t<\/div>\n\t\t\t\t<\/div>\n\t\t","protected":false},"excerpt":{"rendered":"<p>Sobre m\u00ed Soy Edward Orlando Celinz Carre\u00f1o, m\u00e9dico cirujano con m\u00e1s de 10 a\u00f1os de experiencia en medicina y m\u00e1s de 3 a\u00f1os dedicado exclusivamente al cuidado de patolog\u00edas del cabello y cuero cabelludo. Mi misi\u00f3n es ayudarte a recuperar no solo tu cabello, sino tambi\u00e9n tu confianza, seguridad y la manera en la que&#8230;<\/p>\n","protected":false},"author":1,"featured_media":0,"parent":0,"menu_order":0,"comment_status":"closed","ping_status":"closed","template":"","meta":{"_acf_changed":false,"footnotes":""},"class_list":["post-33009","page","type-page","status-publish","hentry"],"acf":[],"yoast_head":"<!-- This site is optimized with the Yoast SEO plugin v26.3 - https:\/\/yoast.com\/wordpress\/plugins\/seo\/ -->\n<title>Dr. Edward Celinz - Hair Restoration Institute<\/title>\n<meta name=\"robots\" content=\"index, follow, max-snippet:-1, max-image-preview:large, max-video-preview:-1\" \/>\n<link rel=\"canonical\" href=\"https:\/\/radianceplasticsurgery.co\/hairestoration\/dr-edward-celinz\/\" \/>\n<meta property=\"og:locale\" content=\"es_ES\" \/>\n<meta property=\"og:type\" content=\"article\" \/>\n<meta property=\"og:title\" content=\"Dr. Edward Celinz - Hair Restoration Institute\" \/>\n<meta property=\"og:description\" content=\"Sobre m\u00ed Soy Edward Orlando Celinz Carre\u00f1o, m\u00e9dico cirujano con m\u00e1s de 10 a\u00f1os de experiencia en medicina y m\u00e1s de 3 a\u00f1os dedicado exclusivamente al cuidado de patolog\u00edas del cabello y cuero cabelludo. Mi misi\u00f3n es ayudarte a recuperar no solo tu cabello, sino tambi\u00e9n tu confianza, seguridad y la manera en la que...\" \/>\n<meta property=\"og:url\" content=\"https:\/\/radianceplasticsurgery.co\/hairestoration\/dr-edward-celinz\/\" \/>\n<meta property=\"og:site_name\" content=\"Hair Restoration Institute\" \/>\n<meta property=\"article:publisher\" content=\"https:\/\/www.facebook.com\/HRI.Colombia\" \/>\n<meta property=\"article:modified_time\" content=\"2026-02-18T15:41:53+00:00\" \/>\n<meta property=\"og:image\" content=\"https:\/\/radianceplasticsurgery.co\/hairestoration\/wp-content\/uploads\/2025\/08\/Logo_Hri.webp\" \/>\n\t<meta property=\"og:image:width\" content=\"850\" \/>\n\t<meta property=\"og:image:height\" content=\"900\" \/>\n\t<meta property=\"og:image:type\" content=\"image\/webp\" \/>\n<meta name=\"twitter:card\" content=\"summary_large_image\" \/>\n<meta name=\"twitter:label1\" content=\"Tiempo de lectura\" \/>\n\t<meta name=\"twitter:data1\" content=\"2 minutos\" \/>\n<script type=\"application\/ld+json\" class=\"yoast-schema-graph\">{\"@context\":\"https:\/\/schema.org\",\"@graph\":[{\"@type\":\"WebPage\",\"@id\":\"https:\/\/radianceplasticsurgery.co\/hairestoration\/dr-edward-celinz\/\",\"url\":\"https:\/\/radianceplasticsurgery.co\/hairestoration\/dr-edward-celinz\/\",\"name\":\"Dr. Edward Celinz - Hair Restoration Institute\",\"isPartOf\":{\"@id\":\"https:\/\/radianceplasticsurgery.co\/hairestoration\/#website\"},\"datePublished\":\"2025-09-24T20:25:13+00:00\",\"dateModified\":\"2026-02-18T15:41:53+00:00\",\"breadcrumb\":{\"@id\":\"https:\/\/radianceplasticsurgery.co\/hairestoration\/dr-edward-celinz\/#breadcrumb\"},\"inLanguage\":\"es-CO\",\"potentialAction\":[{\"@type\":\"ReadAction\",\"target\":[\"https:\/\/radianceplasticsurgery.co\/hairestoration\/dr-edward-celinz\/\"]}]},{\"@type\":\"BreadcrumbList\",\"@id\":\"https:\/\/radianceplasticsurgery.co\/hairestoration\/dr-edward-celinz\/#breadcrumb\",\"itemListElement\":[{\"@type\":\"ListItem\",\"position\":1,\"name\":\"Inicio\",\"item\":\"https:\/\/radianceplasticsurgery.co\/hairestoration\/\"},{\"@type\":\"ListItem\",\"position\":2,\"name\":\"Dr. Edward Celinz\"}]},{\"@type\":\"WebSite\",\"@id\":\"https:\/\/radianceplasticsurgery.co\/hairestoration\/#website\",\"url\":\"https:\/\/radianceplasticsurgery.co\/hairestoration\/\",\"name\":\"Hair Restoration Institute\",\"description\":\"\",\"publisher\":{\"@id\":\"https:\/\/radianceplasticsurgery.co\/hairestoration\/#organization\"},\"alternateName\":\"HRI\",\"potentialAction\":[{\"@type\":\"SearchAction\",\"target\":{\"@type\":\"EntryPoint\",\"urlTemplate\":\"https:\/\/radianceplasticsurgery.co\/hairestoration\/?s={search_term_string}\"},\"query-input\":{\"@type\":\"PropertyValueSpecification\",\"valueRequired\":true,\"valueName\":\"search_term_string\"}}],\"inLanguage\":\"es-CO\"},{\"@type\":\"Organization\",\"@id\":\"https:\/\/radianceplasticsurgery.co\/hairestoration\/#organization\",\"name\":\"Hair Restoration Institute\",\"url\":\"https:\/\/radianceplasticsurgery.co\/hairestoration\/\",\"logo\":{\"@type\":\"ImageObject\",\"inLanguage\":\"es-CO\",\"@id\":\"https:\/\/radianceplasticsurgery.co\/hairestoration\/#\/schema\/logo\/image\/\",\"url\":\"https:\/\/radianceplasticsurgery.co\/hairestoration\/wp-content\/uploads\/2025\/08\/Logo_Hri.webp\",\"contentUrl\":\"https:\/\/radianceplasticsurgery.co\/hairestoration\/wp-content\/uploads\/2025\/08\/Logo_Hri.webp\",\"width\":850,\"height\":900,\"caption\":\"Hair Restoration Institute\"},\"image\":{\"@id\":\"https:\/\/radianceplasticsurgery.co\/hairestoration\/#\/schema\/logo\/image\/\"},\"sameAs\":[\"https:\/\/www.facebook.com\/HRI.Colombia\",\"https:\/\/www.instagram.com\/hairrestorationinstitutecol\/\"]}]}<\/script>\n<!-- \/ Yoast SEO plugin. -->","yoast_head_json":{"title":"Dr. Edward Celinz - Hair Restoration Institute","robots":{"index":"index","follow":"follow","max-snippet":"max-snippet:-1","max-image-preview":"max-image-preview:large","max-video-preview":"max-video-preview:-1"},"canonical":"https:\/\/radianceplasticsurgery.co\/hairestoration\/dr-edward-celinz\/","og_locale":"es_ES","og_type":"article","og_title":"Dr. Edward Celinz - Hair Restoration Institute","og_description":"Sobre m\u00ed Soy Edward Orlando Celinz Carre\u00f1o, m\u00e9dico cirujano con m\u00e1s de 10 a\u00f1os de experiencia en medicina y m\u00e1s de 3 a\u00f1os dedicado exclusivamente al cuidado de patolog\u00edas del cabello y cuero cabelludo. Mi misi\u00f3n es ayudarte a recuperar no solo tu cabello, sino tambi\u00e9n tu confianza, seguridad y la manera en la que...","og_url":"https:\/\/radianceplasticsurgery.co\/hairestoration\/dr-edward-celinz\/","og_site_name":"Hair Restoration Institute","article_publisher":"https:\/\/www.facebook.com\/HRI.Colombia","article_modified_time":"2026-02-18T15:41:53+00:00","og_image":[{"width":850,"height":900,"url":"https:\/\/radianceplasticsurgery.co\/hairestoration\/wp-content\/uploads\/2025\/08\/Logo_Hri.webp","type":"image\/webp"}],"twitter_card":"summary_large_image","twitter_misc":{"Tiempo de lectura":"2 minutos"},"schema":{"@context":"https:\/\/schema.org","@graph":[{"@type":"WebPage","@id":"https:\/\/radianceplasticsurgery.co\/hairestoration\/dr-edward-celinz\/","url":"https:\/\/radianceplasticsurgery.co\/hairestoration\/dr-edward-celinz\/","name":"Dr. Edward Celinz - Hair Restoration Institute","isPartOf":{"@id":"https:\/\/radianceplasticsurgery.co\/hairestoration\/#website"},"datePublished":"2025-09-24T20:25:13+00:00","dateModified":"2026-02-18T15:41:53+00:00","breadcrumb":{"@id":"https:\/\/radianceplasticsurgery.co\/hairestoration\/dr-edward-celinz\/#breadcrumb"},"inLanguage":"es-CO","potentialAction":[{"@type":"ReadAction","target":["https:\/\/radianceplasticsurgery.co\/hairestoration\/dr-edward-celinz\/"]}]},{"@type":"BreadcrumbList","@id":"https:\/\/radianceplasticsurgery.co\/hairestoration\/dr-edward-celinz\/#breadcrumb","itemListElement":[{"@type":"ListItem","position":1,"name":"Inicio","item":"https:\/\/radianceplasticsurgery.co\/hairestoration\/"},{"@type":"ListItem","position":2,"name":"Dr. Edward Celinz"}]},{"@type":"WebSite","@id":"https:\/\/radianceplasticsurgery.co\/hairestoration\/#website","url":"https:\/\/radianceplasticsurgery.co\/hairestoration\/","name":"Hair Restoration Institute","description":"","publisher":{"@id":"https:\/\/radianceplasticsurgery.co\/hairestoration\/#organization"},"alternateName":"HRI","potentialAction":[{"@type":"SearchAction","target":{"@type":"EntryPoint","urlTemplate":"https:\/\/radianceplasticsurgery.co\/hairestoration\/?s={search_term_string}"},"query-input":{"@type":"PropertyValueSpecification","valueRequired":true,"valueName":"search_term_string"}}],"inLanguage":"es-CO"},{"@type":"Organization","@id":"https:\/\/radianceplasticsurgery.co\/hairestoration\/#organization","name":"Hair Restoration Institute","url":"https:\/\/radianceplasticsurgery.co\/hairestoration\/","logo":{"@type":"ImageObject","inLanguage":"es-CO","@id":"https:\/\/radianceplasticsurgery.co\/hairestoration\/#\/schema\/logo\/image\/","url":"https:\/\/radianceplasticsurgery.co\/hairestoration\/wp-content\/uploads\/2025\/08\/Logo_Hri.webp","contentUrl":"https:\/\/radianceplasticsurgery.co\/hairestoration\/wp-content\/uploads\/2025\/08\/Logo_Hri.webp","width":850,"height":900,"caption":"Hair Restoration Institute"},"image":{"@id":"https:\/\/radianceplasticsurgery.co\/hairestoration\/#\/schema\/logo\/image\/"},"sameAs":["https:\/\/www.facebook.com\/HRI.Colombia","https:\/\/www.instagram.com\/hairrestorationinstitutecol\/"]}]}},"_links":{"self":[{"href":"https:\/\/radianceplasticsurgery.co\/hairestoration\/wp-json\/wp\/v2\/pages\/33009","targetHints":{"allow":["GET"]}}],"collection":[{"href":"https:\/\/radianceplasticsurgery.co\/hairestoration\/wp-json\/wp\/v2\/pages"}],"about":[{"href":"https:\/\/radianceplasticsurgery.co\/hairestoration\/wp-json\/wp\/v2\/types\/page"}],"author":[{"embeddable":true,"href":"https:\/\/radianceplasticsurgery.co\/hairestoration\/wp-json\/wp\/v2\/users\/1"}],"replies":[{"embeddable":true,"href":"https:\/\/radianceplasticsurgery.co\/hairestoration\/wp-json\/wp\/v2\/comments?post=33009"}],"version-history":[{"count":8,"href":"https:\/\/radianceplasticsurgery.co\/hairestoration\/wp-json\/wp\/v2\/pages\/33009\/revisions"}],"predecessor-version":[{"id":33217,"href":"https:\/\/radianceplasticsurgery.co\/hairestoration\/wp-json\/wp\/v2\/pages\/33009\/revisions\/33217"}],"wp:attachment":[{"href":"https:\/\/radianceplasticsurgery.co\/hairestoration\/wp-json\/wp\/v2\/media?parent=33009"}],"curies":[{"name":"wp","href":"https:\/\/api.w.org\/{rel}","templated":true}]}}